he remainder when 350 is divided by 69.
5
What is the remainder when 318 is divided by 94?
36
Calculate the remainder when 618 is divided by 39.
33
Calculate the remainder when 493 is divided by 161.
10
What is the remainder when 1413 is divided by 46?
33
Calculate the remainder when 91 is divided by 14.
7
Calculate the remainder when 18 is divided by 15.
3
Calculate the remainder when 204 is divided by 49.
8
What is the remainder when 308 is divided by 10?
8
Calculate the remainder when 179 is divided by 45.
44
What is the remainder when 8629 is divided by 104?
101
What is the remainder when 308 is divided by 26?
22
Calculate the remainder when 125 is divided by 18.
17
What is the remainder when 228 is divided by 22?
8
What is the remainder when 1138 is divided by 126?
4
What is the remainder when 126 is divided by 31?
2
Calculate the remainder when 373 is divided by 10.
3
Calculate the remainder when 5459 is divided by 127.
125
Calculate the remainder when 129 is divided by 70.
59
What is the remainder when 117 is divided by 48?
21
Calculate the remainder when 411 is divided by 49.
19
What is the remainder when 3827 is divided by 16?
3
Calculate the remainder when 8459 is divided by 21.
17
Calculate the remainder when 37 is divided by 19.
18
Calculate the remainder when 370 is divided by 153.
64
What is the remainder when 571 is divided by 82?
79
Calculate the remainder when 4749 is divided by 97.
93
Calculate the remainder when 46 is divided by 8.
6
What is the remainder when 2720 is divided by 80?
0
What is the remainder when 5694 is divided by 1895?
9
What is the remainder when 444 is divided by 16?
12
What is the remainder when 906 is divided by 130?
126
What is the remainder when 1573 is divided by 25?
23
What is the remainder when 55 is divided by 29?
26
What is the remainder when 450 is divided by 50?
0
Calculate the remainder when 52 is divided by 46.
6
Calculate the remainder when 4281 is divided by 51.
48
What is the remainder when 698 is divided by 108?
50
What is the remainder when 14184 is divided by 23?
16
Calculate the remainder when 300 is divided by 43.
42
What is the remainder when 433 is divided by 29?
27
Calculate the remainder when 305 is divided by 33.
8
What is the remainder when 1319 is divided by 27?
23
What is the remainder when 392 is divided by 77?
7
What is the remainder when 425 is divided by 95?
45
What is the remainder when 906 is divided by 291?
33
Calculate the remainder when 156 is divided by 25.
6
Calculate the remainder when 1618 is divided by 19.
3
What is the remainder when 1525 is divided by 15?
10
Calculate the remainder when 335 is divided by 56.
55
What is the remainder when 338 is divided by 33?
8
Calculate the remainder when 2314 is divided by 2313.
1
Calculate the remainder when 181 is divided by 3.
1
What is the remainder when 341 is divided by 33?
11
Calculate the remainder when 116 is divided by 62.
54
What is the remainder when 253 is divided by 56?
29
What is the remainder when 460 is divided by 58?
54
Calculate the remainder when 730 is divided by 62.
48
Calculate the remainder when 799 is divided by 14.
1
What is the remainder when 2365 is divided by 158?
153
What is the remainder when 2104 is divided by 27?
25
What is the remainder when 718 is divided by 45?
43
Calculate the remainder when 450 is divided by 4.
2
What is the remainder when 236 is divided by 33?
5
What is the remainder when 1558 is divided by 515?
13
Calculate the remainder when 181 is divided by 37.
33
What is the remainder when 14 is divided by 5?
4
What is the remainder when 79 is divided by 20?
19
Calculate the remainder when 1367 is divided by 72.
71
What is the remainder when 280 is divided by 117?
46
Calculate the remainder when 404 is divided by 199.
6
What is the remainder when 3357 is divided by 1117?
6
What is the remainder when 334 is divided by 180?
154
Calculate the remainder when 5843 is divided by 79.
76
What is the remainder when 513 is divided by 47?
43
Calculate the remainder when 350 is divided by 27.
26
What is the remainder when 322 is divided by 19?
18
Calculate the remainder when 205 is divided by 8.
5
What is the remainder when 310 is divided by 10?
0
What is the remainder when 93 is divided by 48?
45
Calculate the remainder when 314 is divided by 105.
104
What is the remainder when 824 is divided by 253?
65
What is the remainder when 2490 is divided by 53?
52
Calculate the remainder when 1991 is divided by 60.
11
What is the remainder when 377 is divided by 38?
35
Calculate the remainder when 177 is divided by 86.
5
What is the remainder when 189 is divided by 35?
14
What is the remainder when 447 is divided by 46?
33
What is the remainder when 4455 is divided by 49?
45
What is the remainder when 1800 is divided by 19?
14
Calculate the remainder when 441 is divided by 74.
71
What is the remainder when 339 is divided by 18?
15
Calculate the remainder when 131 is divided by 16.
3
What is the remainder when 76 is divided by 2?
0
What is the remainder when 186 is divided by 27?
24
What is the remainder when 180 is divided by 39?
24
What is the remainder when 9337 is divided by 29?
28
What is the remainder when 44088 is divided by 69?
66
Calculate the remainder when 297 is divided by 36.
9
What is the remainder when 274 is divided by 89?
7
Calculate the remainder when 1412 is divided by 137.
42
What is the remainder when 89 is divided by 33?
23
What is the remainder when 591 is divided by 40?
31
What is the remainder when 8864 is divided by 1266?
2
Calculate the remainder when 2827 is divided by 69.
67
What is the remainder when 32 is divided by 9?
5
Calculate the remainder when 5244 is divided by 2616.
12
What is the remainder when 133 is divided by 109?
24
What is the remainder when 370 is divided by 31?
29
What is the remainder when 197 is divided by 50?
47
Calculate the remainder when 73 is divided by 15.
13
What is the remainder when 7417 is divided by 5?
2
What is the remainder when 1964 is divided by 141?
131
What is the remainder when 1905 is divided by 45?
15
Calculate the remainder when 663 is divided by 18.
15
What is the remainder when 8604 is divided by 57?
54
Calculate the remainder when 246 is divided by 82.
0
What is the remainder when 143 is divided by 48?
47
Calculate the remainder when 765 is divided by 64.
61
What is the remainder when 25907 is divided by 13?
11
What is the remainder when 792 is divided by 53?
50
What is the remainder when 4149 is divided by 166?
165
Calculate the remainder when 646 is divided by 43.
1
Calculate the remainder when 89 is divided by 84.
5
Calculate the remainder when 224 is divided by 77.
70
Calculate the remainder when 162 is divided by 56.
50
What is the remainder when 120 is divided by 57?
6
What is the remainder when 51 is divided by 19?
13
What is the remainder when 451 is divided by 23?
14
What is the remainder when 5541 is divided by 28?
25
Calculate the remainder when 1099 is divided by 50.
49
What is the remainder when 40 is divided by 17?
6
What is the remainder when 1202 is divided by 599?
4
Calculate the remainder when 118 is divided by 41.
36
What is the remainder when 63 is divided by 40?
23
What is the remainder when 3193 is divided by 45?
43
What is the remainder when 979 is divided by 53?
25
What is the remainder when 125 is divided by 34?
23
What is the remainder when 5 is divided by 2?
1
Calculate the remainder when 898 is divided by 12.
10
What is the remainder when 502 is divided by 7?
5
Calculate the remainder when 359 is divided by 116.
11
What is the remainder when 1552 is divided by 136?
56
What is the remainder when 44 is divided by 25?
19
Calculate the remainder when 455 is divided by 116.
107
Calculate the remainder when 1256 is divided by 4.
0
What is the remainder when 6434 is divided by 3210?
14
Calculate the remainder when 5470 is divided by 152.
150
Calculate the remainder when 1450 is divided by 714.
22
Calculate the remainder when 620 is divided by 308.
4
What is the remainder when 1848 is divided by 609?
21
What is the remainder when 136 is divided by 28?
24
What is the remainder when 52 is divided by 40?
12
Calculate the remainder when 57 is divided by 19.
0
What is the remainder when 11736 is divided by 273?
2